 a composite number?
True
Is 1336426519 a composite number?
False
Is 2686223297 a prime number?
True
Is 402875563 a prime number?
False
Is 12776266397 a composite number?
False
Is 23791508927 prime?
True
Is 1605086111 prime?
True
Is 4037596945 a prime number?
False
Is 7407343001 composite?
True
Is 46147807 composite?
False
Is 55614465433 prime?
True
Is 81715187789 a prime number?
False
Is 296485429 prime?
False
Is 36911554093 a prime number?
False
Is 509748949 prime?
False
Is 140839287 prime?
False
Is 36747021403 a prime number?
False
Is 842437007 composite?
False
Is 1952155603 composite?
True
Is 165653569229 composite?
True
Is 6048781819 a composite number?
False
Is 29471199613 prime?
False
Is 64153144213 a composite number?
True
Is 144749674453 prime?
True
Is 3497606657 prime?
False
Is 2094459242 prime?
False
Is 8345643283 a prime number?
True
Is 26355604933 prime?
False
Is 11873843357 prime?
False
Is 8221485037 a prime number?
True
Is 17475532193 composite?
True
Is 3778325479 prime?
True
Is 4554325561 a prime number?
False
Is 89629831261 composite?
False
Is 49222339 a prime number?
True
Is 8614184593 a composite number?
True
Is 59815115 prime?
False
Is 1854224219 a composite number?
False
Is 496577821 a prime number?
True
Is 981798823 a prime number?
False
Is 8833584003 composite?
True
Is 922474447 a prime number?
False
Is 32545303787 a prime number?
True
Is 221924777 a composite number?
False
Is 18829863035 composite?
True
Is 828337859 a composite number?
True
Is 60050745383 composite?
False
Is 17020987397 prime?
False
Is 41190941917 prime?
True
Is 21794182849 a composite number?
False
Is 5597082691 prime?
True
Is 29680131823 a prime number?
True
Is 6008159221 a composite number?
True
Is 20528017 a composite number?
True
Is 13460836217 a prime number?
True
Is 41614955609 prime?
True
Is 1443483595 prime?
False
Is 11072436007 prime?
False
Is 390828927 a composite number?
True
Is 22126825653 composite?
True
Is 8107701073 a composite number?
False
Is 558571339 a prime number?
False
Is 53092628909 prime?
True
Is 88086295477 a composite number?
False
Is 123602566093 a composite number?
False
Is 5520690605 prime?
False
Is 407785913 prime?
False
Is 35572182999 a composite number?
True
Is 1686993599 a prime number?
True
Is 6919745189 composite?
True
Is 46317429859 composite?
False
Is 1046448943 a prime number?
False
Is 18222773 a prime number?
False
Is 10828993979 prime?
False
Is 1541942921 composite?
True
Is 55387975499 prime?
False
Is 2010746579 a prime number?
False
Is 76690328893 composite?
True
Is 266022791 a composite number?
True
Is 3151112267 prime?
False
Is 21977739257 a composite number?
True
Is 25574362871 a composite number?
True
Is 914501771 a composite number?
False
Is 43729788785 composite?
True
Is 3618433667 a prime number?
True
Is 2610856357 a composite number?
True
Is 12918063019 prime?
True
Is 41881305619 a composite number?
True
Is 79135949 a composite number?
False
Is 1730146255 a prime number?
False
Is 393929383 composite?
True
Is 213525073 a composite number?
True
Is 1438211149 prime?
False
Is 4502060011 a composite number?
True
Is 38900193 a composite number?
True
Is 9950150939 prime?
False
Is 2320152059 prime?
True
Is 726328327 composite?
False
Is 51741837227 a composite number?
False
Is 8656144997 a composite number?
False
Is 47968621 a composite number?
False
Is 912621263 a composite number?
True
Is 9119211793 a prime number?
True
Is 2086535791 a prime number?
True
Is 12267302829 composite?
True
Is 41099483 a composite number?
False
Is 6099683 composite?
True
Is 14110176881 composite?
False
Is 206119235501 prime?
True
Is 2062805453 composite?
True
Is 10029305389 composite?
False
Is 1309612231 composite?
False
Is 51118879027 a prime number?
False
Is 2798208587 a composite number?
False
Is 2396332673 composite?
True
Is 41479562009 prime?
False
Is 5491604929 composite?
False
Is 1427372501 a composite number?
True
Is 37304216821 a prime number?
True
Is 5343941903 a composite number?
False
Is 36241709 a composite number?
True
Is 31668391 a prime number?
False
Is 752769887 composite?
False
Is 354593977 a composite number?
True
Is 6847783333 a prime number?
False
Is 57218801377 composite?
False
Is 264722363547 composite?
True
Is 42059216471 a composite number?
False
Is 2904467899 composite?
True
Is 692639309 composite?
False
Is 276921091 prime?
True
Is 4151508091 prime?
True
Is 29225515073 prime?
False
Is 29433237199 a prime number?
True
Is 36843599443 a composite number?
True
Is 19090861301 a prime number?
False
Is 5744520259 a composite number?
False
Is 73195999601 composite?
False
Is 882255559 a prime number?
True
Is 281873739911 a composite number?
False
Is 2590149497 prime?
False
Is 27228076861 prime?
True
Is 22053500593 prime?
True
Is 78722313437 prime?
False
Is 777090271 a composite number?
True
Is 591173593 composite?
False
Is 1463459293 prime?
False
Is 7900712623 a prime number?
False
Is 480253199 composite?
True
Is 335547367 composite?
False
Is 11267273761 a prime number?
True
Is 26059928057 composite?
True
Is 12443561509 a prime number?
True
Is 293188207 a composite number?
True
Is 848572339 a composite number?
True
Is 74821116631 composite?
False
Is 1796299909 composite?
True
Is 49764609353 prime?
True
Is 4182321029 a composite number?
False
Is 3895663687 prime?
True
Is 33933093371 a prime number?
True
Is 1305862211 a composite number?
False
Is 5267342017 composite?
True
Is 922407149 composite?
False
Is 14236366229 a composite number?
True
Is 3243592511 a prime number?
True
Is 1422972179 a composite number?
True
Is 17672926109 composite?
True
Is 44051540653 prime?
True
Is 3612080249 a prime number?
True
Is 6395788585 prime?
False
Is 32009392486 a prime number?
False
Is 101355053 a prime number?
True
Is 156118903 a composite number?
False
Is 430757959 a prime number?
False
Is 17856199703 prime?
False
Is 1007478149 a composite number?
False
Is 2698266493 a prime number?
False
Is 2407531745 a prime number?
False
Is 136234469687 a prime number?
False
Is 3267952123 a composite number?
False
Is 10631250221 composite?
True
Is 1637747495 prime?
False
Is 2575417127 composite?
True
Is 8390678447 prime?
True
Is 74794178971 composite?
False
Is 4750148917 prime?
True
Is 22691353 a prime number?
True
Is 451297235 a prime number?
False
Is 1329583849 prime?
False
Is 1267245259 composite?
True
Is 31796838737 a composite number?
False
Is 115035855197 a composite number?
True
Is 96335214629 prime?
False
Is 42919847689 composite?
False
Is 3933626513 prime?
True
Is 4396331579 a composite number?
False
Is 5306197687 composite?
True
Is 3971642566 prime?
False
Is 34204995631 a composite number?
False
Is 4054660867 composite?
True
Is 166225141 a composite number?
False
Is 75227455 a prime number?
False
Is 8589617 a composite number?
True
Is 91207559393 a composite number?
True
Is 240430087 a prime number?
True
Is 2219750413 a composite number?
True
Is 12880967423 composite?
False
Is 367637009 composite?
True
Is 58926463337 a prime number?
False
Is 8465361589 a prime number?
False
Is 1016863537 prime?
False
Is 968477093 composite?
False
Is 66396485 prime?
False
Is 53661977 composite?
True
Is 3073263665 prime?
False
Is 8752150777 composite?
False
Is 36406269821 prime?
False
Is 132373672169 a composite number?
False
Is 5705312911 composite?
True
Is 20665004797 a composite number?
False
Is 167882717 a prime number?
False
Is 36758222873 composite?
True
Is 23302111061 prime?
False
Is 52399406957 a composite number?
False
Is 944535677 a composite number?
True
Is 2136133801 composite?
False
Is 4757490611 a prime number?
True
Is 17214868171 a composite number?
False
Is 22698339967 a composite number?
True
Is 7065342779 a composite number?
True
Is 2278859903 a prime number?
True
Is 14578589371 a composite number?
False
Is 3025167293 prime?
True
Is 2102121113 prime?
False
Is 1154028977 a prime number?
False
Is 207344413 composite?
False
Is 341060611 composite?
True
Is 10514027389 a prime number?
True
Is 41153475379 composite?
True
Is 4020668243 a prime number?
True
Is 2203304959 a prime number?
True
Is 2776856983 composite?
True
Is 71049403927 composite?
False
Is 137519090173 composite?
True
Is 11163452857 prime?
False
Is 827412293 a composite num